{"id":3236,"date":"2026-02-05T10:03:12","date_gmt":"2026-02-05T10:03:12","guid":{"rendered":"https:\/\/aesabugal.pt\/exp\/?page_id=3236"},"modified":"2026-03-19T12:29:06","modified_gmt":"2026-03-19T12:29:06","slug":"informacoes","status":"publish","type":"page","link":"https:\/\/aesabugal.pt\/exp\/informacoes\/","title":{"rendered":"Informa\u00e7\u00f5es"},"content":{"rendered":"\n<div class=\"wp-block-columns is-layout-flex wp-container-core-columns-is-layout-28232c24 wp-block-columns-is-layout-flex\">\n<div class=\"wp-block-column is-layout-flow wp-block-column-is-layout-flow\" style=\"flex-basis:100%\">\n<div style=\"height:3px\" aria-hidden=\"true\" class=\"wp-block-spacer\"><\/div>\n\n\n\n<div class=\"wp-block-group has-global-padding is-layout-constrained wp-block-group-is-layout-constrained\">\n<div data-wp-context=\"{ &quot;autoclose&quot;: false, &quot;accordionItems&quot;: [] }\" data-wp-interactive=\"core\/accordion\" role=\"group\" class=\"wp-block-accordion is-layout-flow wp-block-accordion-is-layout-flow\">\n<div data-wp-class--is-open=\"state.isOpen\" data-wp-context=\"{ &quot;id&quot;: &quot;accordion-item-1&quot;, &quot;openByDefault&quot;: false }\" data-wp-init=\"callbacks.initAccordionItems\" data-wp-on-window--hashchange=\"callbacks.hashChange\" class=\"wp-block-accordion-item is-layout-flow wp-block-accordion-item-is-layout-flow\">\n<h3 class=\"wp-block-accordion-heading has-border-color has-base-2-color has-contrast-2-background-color has-text-color has-background has-link-color has-body-font-family wp-elements-ed372dfc9f190a19ec974865bfc59f05\" style=\"border-color:#EBEBEF;border-width:1px;border-top-left-radius:27px;border-top-right-radius:27px;border-bottom-left-radius:27px;border-bottom-right-radius:27px;font-size:clamp(21.536px, 1.346rem + ((1vw - 3.2px) * 1.403), 35px);\"><button aria-expanded=\"false\" aria-controls=\"accordion-item-1-panel\" data-wp-bind--aria-expanded=\"state.isOpen\" data-wp-on--click=\"actions.toggle\" data-wp-on--keydown=\"actions.handleKeyDown\" id=\"accordion-item-1\" type=\"button\" class=\"wp-block-accordion-heading__toggle\" style=\"padding-top:13px;padding-right:var(--wp--preset--spacing--20);padding-bottom:13px;padding-left:var(--wp--preset--spacing--20)\"><span class=\"wp-block-accordion-heading__toggle-title\">Informa\u00e7\u00f5es<\/span><span class=\"wp-block-accordion-heading__toggle-icon\" aria-hidden=\"true\">+<\/span><\/button><\/h3>\n\n\n\n<div inert aria-labelledby=\"accordion-item-1\" data-wp-bind--inert=\"!state.isOpen\" id=\"accordion-item-1-panel\" role=\"region\" class=\"wp-block-accordion-panel is-layout-flow wp-block-accordion-panel-is-layout-flow\">\n<div class=\"wp-block-group has-small-font-size has-global-padding is-layout-constrained wp-container-core-group-is-layout-95730b41 wp-block-group-is-layout-constrained\" style=\"min-height:10px;padding-top:0;padding-bottom:0\">\n<div class=\"wp-block-columns is-layout-flex wp-container-core-columns-is-layout-98e39575 wp-block-columns-is-layout-flex\" style=\"padding-top:1px;padding-bottom:1px\">\n<div class=\"wp-block-column is-layout-flow wp-block-column-is-layout-flow\" style=\"flex-basis:100%\">\n<div class=\"wp-block-group has-global-padding is-layout-constrained wp-container-core-group-is-layout-6afd2ec1 wp-block-group-is-layout-constrained\" style=\"min-height:20px;padding-right:0;padding-bottom:0\"><ul style=\"line-height:2; padding-top:var(--wp--preset--spacing--10);padding-bottom:var(--wp--preset--spacing--10);padding-left:var(--wp--preset--spacing--10);padding-right:var(--wp--preset--spacing--10);margin-top:0;margin-bottom:0;\" class=\"wp-block-latest-posts__list has-link-color wp-elements-49013e85b96825df5a48a74e6a7f527b wp-block-latest-posts has-text-color has-contrast-color has-background has-contrast-3-background-color has-small-font-size\"><li><a class=\"wp-block-latest-posts__post-title\" href=\"https:\/\/aesabugal.pt\/exp\/desafios-seguranet\/\">Desafios Seguranet<\/a><\/li>\n<li><a class=\"wp-block-latest-posts__post-title\" href=\"https:\/\/aesabugal.pt\/exp\/informacao\/\">Informa\u00e7\u00e3o &#8211; Hor\u00e1rios Escolares<\/a><\/li>\n<li><a class=\"wp-block-latest-posts__post-title\" href=\"https:\/\/aesabugal.pt\/exp\/rececao-aos-novos-alunos\/\">Rece\u00e7\u00e3o aos Novos Alunos<\/a><\/li>\n<li><a class=\"wp-block-latest-posts__post-title\" href=\"https:\/\/aesabugal.pt\/exp\/2732-2\/\">Abertura do ano letivo<\/a><\/li>\n<li><a class=\"wp-block-latest-posts__post-title\" href=\"https:\/\/aesabugal.pt\/exp\/ensino-superior-2025\/\">Ensino Superior 2025<\/a><\/li>\n<li><a class=\"wp-block-latest-posts__post-title\" href=\"https:\/\/aesabugal.pt\/exp\/tomada-de-posse-do-novo-diretor\/\">TOMADA DE POSSE DO NOVO DIRETOR<\/a><\/li>\n<li><a class=\"wp-block-latest-posts__post-title\" href=\"https:\/\/aesabugal.pt\/exp\/cursos-profissionais-ano-letivo-2025-2026\/\">CURSOS PROFISSIONAIS &#8211; Ano Letivo 2025\/2026<\/a><\/li>\n<li><a class=\"wp-block-latest-posts__post-title\" href=\"https:\/\/aesabugal.pt\/exp\/led-2\/\">LED<\/a><\/li>\n<\/ul><\/div>\n<\/div>\n<\/div>\n<\/div>\n<\/div>\n<\/div>\n<\/div>\n<\/div>\n<\/div>\n<\/div>\n\n\n\n<div style=\"height:100px\" aria-hidden=\"true\" class=\"wp-block-spacer\"><\/div>\n","protected":false},"excerpt":{"rendered":"","protected":false},"author":6,"featured_media":0,"parent":0,"menu_order":0,"comment_status":"closed","ping_status":"closed","template":"","meta":{"footnotes":""},"class_list":["post-3236","page","type-page","status-publish","hentry"],"_links":{"self":[{"href":"https:\/\/aesabugal.pt\/exp\/wp-json\/wp\/v2\/pages\/3236","targetHints":{"allow":["GET"]}}],"collection":[{"href":"https:\/\/aesabugal.pt\/exp\/wp-json\/wp\/v2\/pages"}],"about":[{"href":"https:\/\/aesabugal.pt\/exp\/wp-json\/wp\/v2\/types\/page"}],"author":[{"embeddable":true,"href":"https:\/\/aesabugal.pt\/exp\/wp-json\/wp\/v2\/users\/6"}],"replies":[{"embeddable":true,"href":"https:\/\/aesabugal.pt\/exp\/wp-json\/wp\/v2\/comments?post=3236"}],"version-history":[{"count":29,"href":"https:\/\/aesabugal.pt\/exp\/wp-json\/wp\/v2\/pages\/3236\/revisions"}],"predecessor-version":[{"id":3728,"href":"https:\/\/aesabugal.pt\/exp\/wp-json\/wp\/v2\/pages\/3236\/revisions\/3728"}],"wp:attachment":[{"href":"https:\/\/aesabugal.pt\/exp\/wp-json\/wp\/v2\/media?parent=3236"}],"curies":[{"name":"wp","href":"https:\/\/api.w.org\/{rel}","templated":true}]}}